{"id":7,"date":"2018-08-09T09:30:00","date_gmt":"2018-08-09T07:30:00","guid":{"rendered":"http:\/\/127.0.0.1\/wordpress\/?page_id=7"},"modified":"2024-09-09T19:48:57","modified_gmt":"2024-09-09T17:48:57","slug":"presentation","status":"publish","type":"page","link":"https:\/\/www.badachaz.org\/?page_id=7","title":{"rendered":"Pr\u00e9sentation"},"content":{"rendered":"<p><strong>Bad\u2019 A Chaz\u2019<\/strong>\u00a0a\u00a0\u00e9t\u00e9 cr\u00e9\u00e9 en 2003, par un petit groupe de personnes.<br \/>Au fil des ann\u00e9es le nombre d\u2019adh\u00e9rents n\u2019a fait que progresser.<br \/>Depuis plusieurs saisons,\u00a0<strong>Bad\u2019 A Chaz\u2019<\/strong>\u00a0compte environ\u00a0<strong>140 licenci\u00e9s<\/strong>\u00a0de\u00a0tous \u00e2ges et\u00a0de\u00a0tous niveaux\u00a0!!<\/p>\n<p>La vocation premi\u00e8re de\u00a0<strong>Bad\u2019 A Chaz\u2019<\/strong>\u00a0est d\u2019accueillir tous les joueurs, ou nouveaux arrivants, dans une ambiance sympathique et conviviale.<\/p>\n<p><span style=\"font-weight: 400;\">Un groupe de comp\u00e9titeurs jeunes et adultes \u00e9volue sur les terrains de la r\u00e9gion depuis quelques ann\u00e9es d\u00e9j\u00e0.<\/span><\/p>\n<p>La commune met \u00e0 notre disposition 2 salles de qualit\u00e9 :<\/p>\n<p><strong>Salle Saint Exup\u00e9ry<\/strong> : 8 terrains (1400 m\u00b2)<\/p>\n<p><strong>Salle Pierre de Coubertin<\/strong> : 7 terrains (800m2)<\/p>\n<p><strong>Adresse des complexes sportifs :<\/strong><br \/>5 Rue Pierre de Coubertin, 69380 CHAZAY D\u2019AZERGUES<\/p>\n<p>Suivre la direction du Coll\u00e8ge \/ Tennis<\/p>\n\n\n<iframe src=\"https:\/\/www.google.com\/maps\/embed?pb=!1m18!1m12!1m3!1d2778.0042678033014!2d4.708834477369434!3d45.87122420618788!2m3!1f0!2f0!3f0!3m2!1i1024!2i768!4f13.1!3m3!1m2!1s0x47f48df05ba30f2b%3A0xf13cf3fde16948ab!2sBad&#39;%20A%20Chaz&#39;!5e0!3m2!1sfr!2sfr!4v1725903981103!5m2!1sfr!2sfr\" width=\"600\" height=\"450\" style=\"border:0;\" allowfullscreen=\"\" loading=\"lazy\" referrerpolicy=\"no-referrer-when-downgrade\"><\/iframe>\n\n\n\n<p>Le club est affili\u00e9 au Pass\u2019R\u00e9gion et au Pass\u2019Sport.<\/p>\n","protected":false},"excerpt":{"rendered":"<p>Bad\u2019 A Chaz\u2019\u00a0a\u00a0\u00e9t\u00e9 cr\u00e9\u00e9 en 2003, par un petit groupe de personnes.Au fil des ann\u00e9es le nombre d\u2019adh\u00e9rents n\u2019a fait&hellip;<\/p>\n","protected":false},"author":1,"featured_media":0,"parent":0,"menu_order":0,"comment_status":"closed","ping_status":"closed","template":"","meta":{"footnotes":""},"class_list":["post-7","page","type-page","status-publish","hentry"],"yoast_head":"<!-- This site is optimized with the Yoast SEO plugin v27.4 - https:\/\/yoast.com\/product\/yoast-seo-wordpress\/ -->\n<title>Pr\u00e9sentation -<\/title>\n<meta name=\"robots\" content=\"index, follow, max-snippet:-1, max-image-preview:large, max-video-preview:-1\" \/>\n<link rel=\"canonical\" href=\"https:\/\/www.badachaz.org\/?page_id=7\" \/>\n<meta property=\"og:locale\" content=\"fr_FR\" \/>\n<meta property=\"og:type\" content=\"article\" \/>\n<meta property=\"og:title\" content=\"Pr\u00e9sentation -\" \/>\n<meta property=\"og:description\" content=\"Bad\u2019 A Chaz\u2019\u00a0a\u00a0\u00e9t\u00e9 cr\u00e9\u00e9 en 2003, par un petit groupe de personnes.Au fil des ann\u00e9es le nombre d\u2019adh\u00e9rents n\u2019a fait&hellip;\" \/>\n<meta property=\"og:url\" content=\"https:\/\/www.badachaz.org\/?page_id=7\" \/>\n<meta property=\"article:modified_time\" content=\"2024-09-09T17:48:57+00:00\" \/>\n<meta name=\"twitter:card\" content=\"summary_large_image\" \/>\n<meta name=\"twitter:label1\" content=\"Dur\u00e9e de lecture estim\u00e9e\" \/>\n\t<meta name=\"twitter:data1\" content=\"1 minute\" \/>\n<script type=\"application\/ld+json\" class=\"yoast-schema-graph\">{\"@context\":\"https:\\\/\\\/schema.org\",\"@graph\":[{\"@type\":\"WebPage\",\"@id\":\"https:\\\/\\\/www.badachaz.org\\\/?page_id=7\",\"url\":\"https:\\\/\\\/www.badachaz.org\\\/?page_id=7\",\"name\":\"Pr\u00e9sentation -\",\"isPartOf\":{\"@id\":\"https:\\\/\\\/www.badachaz.org\\\/#website\"},\"datePublished\":\"2018-08-09T07:30:00+00:00\",\"dateModified\":\"2024-09-09T17:48:57+00:00\",\"breadcrumb\":{\"@id\":\"https:\\\/\\\/www.badachaz.org\\\/?page_id=7#breadcrumb\"},\"inLanguage\":\"fr-FR\",\"potentialAction\":[{\"@type\":\"ReadAction\",\"target\":[\"https:\\\/\\\/www.badachaz.org\\\/?page_id=7\"]}]},{\"@type\":\"BreadcrumbList\",\"@id\":\"https:\\\/\\\/www.badachaz.org\\\/?page_id=7#breadcrumb\",\"itemListElement\":[{\"@type\":\"ListItem\",\"position\":1,\"name\":\"Accueil\",\"item\":\"https:\\\/\\\/www.badachaz.org\\\/\"},{\"@type\":\"ListItem\",\"position\":2,\"name\":\"Pr\u00e9sentation\"}]},{\"@type\":\"WebSite\",\"@id\":\"https:\\\/\\\/www.badachaz.org\\\/#website\",\"url\":\"https:\\\/\\\/www.badachaz.org\\\/\",\"name\":\"\",\"description\":\"Badminton Club Chazay d&#039;Azergues\",\"publisher\":{\"@id\":\"https:\\\/\\\/www.badachaz.org\\\/#organization\"},\"potentialAction\":[{\"@type\":\"SearchAction\",\"target\":{\"@type\":\"EntryPoint\",\"urlTemplate\":\"https:\\\/\\\/www.badachaz.org\\\/?s={search_term_string}\"},\"query-input\":{\"@type\":\"PropertyValueSpecification\",\"valueRequired\":true,\"valueName\":\"search_term_string\"}}],\"inLanguage\":\"fr-FR\"},{\"@type\":\"Organization\",\"@id\":\"https:\\\/\\\/www.badachaz.org\\\/#organization\",\"name\":\"Badachaz\",\"url\":\"https:\\\/\\\/www.badachaz.org\\\/\",\"logo\":{\"@type\":\"ImageObject\",\"inLanguage\":\"fr-FR\",\"@id\":\"https:\\\/\\\/www.badachaz.org\\\/#\\\/schema\\\/logo\\\/image\\\/\",\"url\":\"https:\\\/\\\/www.badachaz.org\\\/wp-content\\\/uploads\\\/2018\\\/08\\\/cropped-LOGO_BADACHAZ_NEUTRE_FT.png\",\"contentUrl\":\"https:\\\/\\\/www.badachaz.org\\\/wp-content\\\/uploads\\\/2018\\\/08\\\/cropped-LOGO_BADACHAZ_NEUTRE_FT.png\",\"width\":512,\"height\":512,\"caption\":\"Badachaz\"},\"image\":{\"@id\":\"https:\\\/\\\/www.badachaz.org\\\/#\\\/schema\\\/logo\\\/image\\\/\"}}]}<\/script>\n<!-- \/ Yoast SEO plugin. -->","yoast_head_json":{"title":"Pr\u00e9sentation -","robots":{"index":"index","follow":"follow","max-snippet":"max-snippet:-1","max-image-preview":"max-image-preview:large","max-video-preview":"max-video-preview:-1"},"canonical":"https:\/\/www.badachaz.org\/?page_id=7","og_locale":"fr_FR","og_type":"article","og_title":"Pr\u00e9sentation -","og_description":"Bad\u2019 A Chaz\u2019\u00a0a\u00a0\u00e9t\u00e9 cr\u00e9\u00e9 en 2003, par un petit groupe de personnes.Au fil des ann\u00e9es le nombre d\u2019adh\u00e9rents n\u2019a fait&hellip;","og_url":"https:\/\/www.badachaz.org\/?page_id=7","article_modified_time":"2024-09-09T17:48:57+00:00","twitter_card":"summary_large_image","twitter_misc":{"Dur\u00e9e de lecture estim\u00e9e":"1 minute"},"schema":{"@context":"https:\/\/schema.org","@graph":[{"@type":"WebPage","@id":"https:\/\/www.badachaz.org\/?page_id=7","url":"https:\/\/www.badachaz.org\/?page_id=7","name":"Pr\u00e9sentation -","isPartOf":{"@id":"https:\/\/www.badachaz.org\/#website"},"datePublished":"2018-08-09T07:30:00+00:00","dateModified":"2024-09-09T17:48:57+00:00","breadcrumb":{"@id":"https:\/\/www.badachaz.org\/?page_id=7#breadcrumb"},"inLanguage":"fr-FR","potentialAction":[{"@type":"ReadAction","target":["https:\/\/www.badachaz.org\/?page_id=7"]}]},{"@type":"BreadcrumbList","@id":"https:\/\/www.badachaz.org\/?page_id=7#breadcrumb","itemListElement":[{"@type":"ListItem","position":1,"name":"Accueil","item":"https:\/\/www.badachaz.org\/"},{"@type":"ListItem","position":2,"name":"Pr\u00e9sentation"}]},{"@type":"WebSite","@id":"https:\/\/www.badachaz.org\/#website","url":"https:\/\/www.badachaz.org\/","name":"","description":"Badminton Club Chazay d&#039;Azergues","publisher":{"@id":"https:\/\/www.badachaz.org\/#organization"},"potentialAction":[{"@type":"SearchAction","target":{"@type":"EntryPoint","urlTemplate":"https:\/\/www.badachaz.org\/?s={search_term_string}"},"query-input":{"@type":"PropertyValueSpecification","valueRequired":true,"valueName":"search_term_string"}}],"inLanguage":"fr-FR"},{"@type":"Organization","@id":"https:\/\/www.badachaz.org\/#organization","name":"Badachaz","url":"https:\/\/www.badachaz.org\/","logo":{"@type":"ImageObject","inLanguage":"fr-FR","@id":"https:\/\/www.badachaz.org\/#\/schema\/logo\/image\/","url":"https:\/\/www.badachaz.org\/wp-content\/uploads\/2018\/08\/cropped-LOGO_BADACHAZ_NEUTRE_FT.png","contentUrl":"https:\/\/www.badachaz.org\/wp-content\/uploads\/2018\/08\/cropped-LOGO_BADACHAZ_NEUTRE_FT.png","width":512,"height":512,"caption":"Badachaz"},"image":{"@id":"https:\/\/www.badachaz.org\/#\/schema\/logo\/image\/"}}]}},"_links":{"self":[{"href":"https:\/\/www.badachaz.org\/index.php?rest_route=\/wp\/v2\/pages\/7","targetHints":{"allow":["GET"]}}],"collection":[{"href":"https:\/\/www.badachaz.org\/index.php?rest_route=\/wp\/v2\/pages"}],"about":[{"href":"https:\/\/www.badachaz.org\/index.php?rest_route=\/wp\/v2\/types\/page"}],"author":[{"embeddable":true,"href":"https:\/\/www.badachaz.org\/index.php?rest_route=\/wp\/v2\/users\/1"}],"replies":[{"embeddable":true,"href":"https:\/\/www.badachaz.org\/index.php?rest_route=%2Fwp%2Fv2%2Fcomments&post=7"}],"version-history":[{"count":10,"href":"https:\/\/www.badachaz.org\/index.php?rest_route=\/wp\/v2\/pages\/7\/revisions"}],"predecessor-version":[{"id":5587,"href":"https:\/\/www.badachaz.org\/index.php?rest_route=\/wp\/v2\/pages\/7\/revisions\/5587"}],"wp:attachment":[{"href":"https:\/\/www.badachaz.org\/index.php?rest_route=%2Fwp%2Fv2%2Fmedia&parent=7"}],"curies":[{"name":"wp","href":"https:\/\/api.w.org\/{rel}","templated":true}]}}